**7/840 + u**6/90 - u**5/60 + u**4/12 - u**3/2 + u. Let n(c) be the second derivative of q(c). Calculate n(-5).
-13
Let t(x) be the first derivative of -x**2 - 7*x + 2. Let k be t(-5). Let i(a) = -a + 3*a + 2*a**2 + 3*a**2 + a**k + 5 + 0*a. What is i(-5)?
-5
Let v(y) = 2*y + 2. Let d(m) = m - 13. Let h be d(11). Let q = -2 + h. Determine v(q).
-6
Let h(w) = -5*w - 9. Let y be 8/28 + (-19)/(-7). Let r(l) = 2*l + 3. Let b(x) = y*h(x) + 8*r(x). Give b(0).
-3
Let v(b) be the third derivative of -b**6/120 - b**5/30 + b**4/24 - b**3/6 + 66*b**2. Determine v(-3).
5
Let l(o) = 7*o**3 - 2*o**2 + 10*o + 10. Let c(z) = 13*z**3 - 3*z**2 + 18*z + 19. Let b(g) = -6*c(g) + 11*l(g). Give b(-4).
-12
Let l = -1 - -2. Suppose -3*a + 31 = 2*j, -j = 3*j - 3*a - 71. Suppose -l = 4*v - j. Let o(d) = -d**3 + 5*d**2 - d - 5. Give o(v).
7
Let j(c) = 3*c + c**3 + 5*c**2 + 5*c - 6*c - 3*c. Determine j(-5).
5
Let a(q) = -2*q - 11. Suppose 5*j - 8*w + 4*w + 25 = 0, -4*j - 20 = -3*w. What is a(j)?
-1
Let i(l) = -l**2 - 4*l + 6. Let j = 1 + -11. Let p = j - -3. Let c(y) = y**3 + 6*y**2 - 7*y - 6. Let s be c(p). What is i(s)?
-6
Let g = 3 - 8. Let l be (-13)/g + (-2)/(-5). Suppose -l*p = v - 14, -7 = -p - 2. Let q(i) = 2*i**3 + 2*i**2 + i. What is q(v)?
-1
Let p(y) = 10*y**2 + 1. Let l(h) = h**2 + 9*h + 4. Let w be l(-9). Let g(f) = -f + 3. Let n be g(w). Calculate p(n).
11
Let u(y) = y + 10. Let w be u(-7). Suppose -3*h + 13 = -2*p + w*p, -h = -4. Let n(k) = -2*k**3. Determine n(p).
-2
Let l(p) be the first derivative of -1/8*p**4 - 4 - p**3 - 1/120*p**5 + 0*p + 0*p**2. Let c(s) be the third derivative of l(s). Calculate c(-4).
1
Let r(l) = -19 - l**3 + 4*l**2 - 3*l**2 + 19 + l. Give r(1).
1
Let m(a) = -6*a + 37. Let t be m(7). Let p(c) = -c**2 - 3*c + 3. Give p(t).
-7
Let d(o) = -7 - o + 3*o + 3. Suppose 4*u + 35 = 211. Let z be 2/6 - u/(-12). Give d(z).
4
Let g = -10 - -14. Suppose 5*d = g*d. Let o(a) = 0*a + d*a + 6*a - 2*a - 3. What is o(2)?
5
Let r be -6*(15/(-9) - -2). Let t(k) = 2*k + 1. Let j(g) = -g - 1. Let n(i) = 3*j(i) + 2*t(i). Determine n(r).
-3
Let b(h) be the second derivative of h**3/3 + 9*h**2/2 + 8*h. Let y(g) = -g - 4. Let c(j) = -6*b(j) - 15*y(j). What is c(-4)?
-6
Suppose -13*k + 16*k = -2*y - 15, 2*k = -10. Let a(b) = -b**3 + 5. Calculate a(y).
5
Let q(u) = u**3 - 4*u**2 + 2*u - 3. Let d(i) = -i**3 - 3*i**2 + 3. Let b be d(-3). Determine q(b).
-6
Let j = -15 + 10. Let d(c) = -6*c - 8. Let l(k) = -7*k - 9. Let s(u) = j*l(u) + 6*d(u). Determine s(0).
-3
Let n(c) = -c**2 + 9*c. Let t(x) = -x. Let a(g) = n(g) + 4*t(g). Give a(6).
-6
Let u(c) be the second derivative of c**5/20 + c**4/3 - 4*c**3/3 - 7*c**2/2 + 10*c. What is u(-5)?
8
Let q(l) be the second derivative of l**8/6720 - l**7/630 + l**5/30 + l**4/4 - l. Let o(b) be the third derivative of q(b). Determine o(3).
-5
Let z(s) = -9*s - 11. Let p(g) = -3*g - 4. Let m(x) = 17*p(x) - 6*z(x). Calculate m(-2).
-8
Suppose m = 0, 12 = -4*q - 0*m + 5*m. Let k(j) = j**2 + j - 4. Determine k(q).
2
Suppose 5*j = 4*j - 10. Let z = j - -9. Let k(s) = -6*s**3 - s**2 - 3*s + 2. Let u(w) = -12*w**3 - w**2 - 5*w + 3. Let g(q) = -5*k(q) + 3*u(q). Calculate g(z).
7
Let d(j) = 4*j**2 - j + 1. Let v = -28 - -63. Let k be 464/(-7) + 10/v. Let w be (-78)/k - (-4)/(-22). Give d(w).
4
Let j(q) be the third derivative of -q**6/60 + q**5/30 - q**4/8 + q**3/2 + 18*q**2. What is j(2)?
-11
Let s(u) = u + 2. Let h(l) = l + 12. Let f be h(-17). Give s(f).
-3
Let z(l) = 3*l - 3. Let d(v) = -7*v - 1. Let k be d(-1). Suppose 5*y = 3*g - 4*g + k, -41 = -4*g - 3*y. Let u = 14 - g. Determine z(u).
6
Let l = 5 + -1. Let n(p) = 2 - 2*p**3 - l*p**2 - 2*p + 6*p**3 - 5*p**3. Give n(-3).
-1
Let i be 1 - (-9)/(-3) - -2. Let p be (i - 2)/((-4)/(-6)). Let f(r) = -r**3 - 4*r**2 - 2*r + 3. Let s be f(p). Let v(b) = -b + 2. What is v(s)?
2
Let l = 0 - -5. Let f be (-10)/l + (-1 - -7). Let i(a) = -6*a**2 + 3 + 3*a**2 + 2*a + 2*a**2. What is i(f)?
-5
Let t(x) be the first derivative of -x**2/2 + 11*x + 1. Determine t(6).
5
Let y be (-16)/3 + (-4)/6. Let c be y/4*20/6. Let w(m) = 0*m + 3*m - 2*m. Give w(c).
-5
Suppose 0 = -0*u + u - 4. Suppose 0 = 5*v - v - u. Let t(q) = 8*q + 2. Let s(b) = -8*b - 3. Let c(p) = 3*s(p) + 4*t(p). Give c(v).
7
Let r = -5 + 9. Let w(p) be the second derivative of 1/4*p**r + 0 + p**2 - 1/20*p**5 - 1/6*p**3 + 2*p. Determine w(3).
-1
Let b(c) = -3*c**2 - 2*c + 1. Let l be ((-2)/(-6))/(6/36). Suppose -2*d + 5*y = -12 + 1, -2 = 4*d - l*y. Calculate b(d).
-7
Let p be ((-1)/(-2))/(2/16). Suppose 3*v = p*v + 5. Let q(k) = k**3 + 4*k**2 - 4*k + 4. Give q(v).
-1
Let b(d) = 5*d + 2*d - 4*d - 4. Let t be 1*6 - 2 - 1. What is b(t)?
5
Suppose 0 = -0*q + q - 2. Let a(z) = -z**2 - z - 5*z**2 + q*z - 2*z**2. Determine a(1).
-7
Let q be 0 + -3 + 1 + -1. Let z(t) = t**3 + t**2 - 3*t + 4. Calculate z(q).
-5
Let v(o) = -o**3 - 5*o**2 + 6*o + 2. Let z(d) = -11 - 5*d + 9*d - 5*d. Let u be z(-5). Give v(u).
2
Let u be (4/3)/((-2)/(-3)). Let r = u + -3. Let x(d) = 20*d - 6*d - 3 - 7*d + 4. What is x(r)?
-6
Let n(z) = z**2 + 5*z. Let j be n(-5). Let p(q) = 1 - 18*q + 17*q + 1 - 1. Determine p(j).
1
Let j(u) = 2 - 5*u**2 + 3*u**2 + u - 4 + u**2. Suppose 0*n - 3*n = 0. Suppose n*f = 3*f. Calculate j(f).
-2
Let u(i) = i + 11. Let c be u(-9). Let q(p) = p**3 - p**2 - p - 2. Let n be q(c). Let o(r) = -r + 7. Give o(n).
7
Let c(g) = 2*g**3 - 14*g**2 + 15*g - 2. Let f(u) = u**3 - 7*u**2 + 8*u - 1. Let r(v) = -3*c(v) + 5*f(v). What is r(6)?
7
Let m(z) = z**2 + 10*z + 8. Suppose -4*j - 34 = 5*r - j, r + 6 = -j. What is m(r)?
-8
Let j(h) = 16*h - 40. Let i(c) be the third derivative of c**4/8 - 4*c**3/3 + c**2. Let f(m) = -11*i(m) + 2*j(m). Give f(6).
2
Let y = 8 - 3. Let l(z) = -3*z + 3. What is l(y)?
-12
Let w(u) = u**3 + 4*u**2 - 4*u - 2. Let v be 12/60 - (-52)/(-10). What is w(v)?
-7
Let o be ((-20)/(-3)*(-6)/4)/(-2). Let y(q) = q**2 - 6*q. Calculate y(o).
-5
Let d be (-1 + 2)*10/(-2). Let l(h) = -2*h. Determine l(d).
10
Suppose -3*h = 5*s - 5, -4*h + 8*s - 3*s - 5 = 0. Let b = -3 - h. Let q(k) = -k**3 - 4*k**2 + 2*k + 4. Determine q(b).
-11
Let b = 27 + -23. Let t(v) = -v. What is t(b)?
-4
Let w be (3/2)/(3/4). Let n(h) = h**3 + h**2 - 4*h + 3. Give n(w).
7
Let j(d) be the first derivative of d**2/2 - 15*d - 38. Determine j(12).
-3
Let i(t) be the first derivative of t**4/4 - t**3/3 - 3*t**2/2 - 3*t - 80. Let n = -6 + 9. Calculate i(n).
6
Let s(t) = t**2 - 3*t - 7. Let n = -23 - -29. Determine s(n).
11
Let t(v) = -v + 6. Let s = 16 + -11. What is t(s)?
1
Let i(z) = z**3 + 10*z**2 + 6*z + 12. Let s(j) = j**3 + 11*j**2 + 7*j + 13. Let f(c) = -5*i(c) + 4*s(c). What is f(-6)?
4
Suppose -2*i + 8 = -2. Let y(r) be the first derivative of 2*r**2 - 6*r + 2. Give y(i).
14
Let c(y) = 43*y**2 - 3*y + 40*y**2 - 82*y**2. Let a(r) = 2*r**3 - 3*r**2. Let h be a(2). Give c(h).
4
Let v(j) = j**3 + 4*j**2 - 2*j - 4. Let l(f) be the first derivative of f**4/4 + 4*f**3/3 - f**2 - 3*f + 4. Let g(q) = -5*l(q) + 4*v(q). What is g(-4)?
-9
Let v(o) = o**3 - 5*o**2 + 3*o - 3. Let b be v(4). Let w be 2/b - (-88)/14. Let h(t) = t**3 - 6*t**2 - 2*t + 9. What is h(w)?
-3
Suppose a - z = -2*a, 0 = 3*z. Let c(w) = 2*w**2 + 230 - 236 + w - w**2. Determine c(a).
-6
Let p(g) = g**3 - 7*g**2 - 6*g - 10. Let j(n) = 2*n**2 + 16*n + 8. Let y be j(-8). Calculate p(y).
6
Suppose -11 = 4*c - 3. Let y be ((-2)/(-3))/(c/(-12)). Let h(v) = -v**2 + 5*v - 5. Calculate h(y).
-1
Suppose 0*d - 3*y = d - 13, 5*y - 18 = 2*d. Let f be (7 + -2)*d/1. Let w(g) = g**3 - 4*g**2 - 5*g - 6. What is w(f)?
-6
Let z be (2/(-3))/((-1)/(-3)). Let g(m) = -5*m**2 - 3*m - 2. Give g(z).
-16
Let g(v) be the second derivative of -2*v**3/3 - v**2 + 12*v. What is g(-4)?
14
Let y(v) = v**2 + 4. Let s = 7 + -5. Suppose -2*d + 5 = -o, -4*o = 3*d - s*o + 10. What is y(d)?
4
Suppose -c + 3*c + 8 = -4*o, -5*o - 15 = 0. Let z(a) = 4*a + 3 - a**2 - c + 3*a - 4*a. Calculate z(3).
1
Let b = -1 + 3. Suppose -7*q + 26 = 3*n - b*q, -5*n - 2*q = -18. Let l(o) = 2*o**3 - 6*o**n - o**3 + 2*o**2 - 6*o + 5. What is l(5)?
0
Suppose 7*h = h - 36. Let c(i) = -i**2 - 4 + 0*i**2 - 7*i + 2. Calculate c(h).
4
Let x(r) = -2*r**2 - 7*r - 4. Suppose 0 = -y + 5. Suppose 4*b + 2 = -6, 0 = y*n - 3*b + 19. Let u be n/(-15) + (-13)/3. What is x(u)?
-8
Le